{"id":108,"date":"2021-08-20T00:58:54","date_gmt":"2021-08-19T22:58:54","guid":{"rendered":"http:\/\/emiliechaumet-textile.fr\/?page_id=108"},"modified":"2022-01-10T20:26:10","modified_gmt":"2022-01-10T19:26:10","slug":"le-souffle","status":"publish","type":"page","link":"https:\/\/emiliechaumet-textile.fr\/?page_id=108","title":{"rendered":"Le Souffle"},"content":{"rendered":"\n<div class=\"wp-block-group\"><div class=\"wp-block-group__inner-container is-layout-flow wp-block-group-is-layout-flow\">\n<figure class=\"wp-block-image size-large\"><img loading=\"lazy\" decoding=\"async\" width=\"1024\" height=\"683\" src=\"https:\/\/emiliechaumet-textile.fr\/wp-content\/uploads\/2022\/01\/6P5A2960-1-1024x683.jpg\" alt=\"\" class=\"wp-image-272\" srcset=\"https:\/\/emiliechaumet-textile.fr\/wp-content\/uploads\/2022\/01\/6P5A2960-1-1024x683.jpg 1024w, https:\/\/emiliechaumet-textile.fr\/wp-content\/uploads\/2022\/01\/6P5A2960-1-300x200.jpg 300w, https:\/\/emiliechaumet-textile.fr\/wp-content\/uploads\/2022\/01\/6P5A2960-1-768x512.jpg 768w, https:\/\/emiliechaumet-textile.fr\/wp-content\/uploads\/2022\/01\/6P5A2960-1-1536x1024.jpg 1536w, https:\/\/emiliechaumet-textile.fr\/wp-content\/uploads\/2022\/01\/6P5A2960-1-2048x1365.jpg 2048w\" sizes=\"(max-width: 767px) 89vw, (max-width: 1000px) 54vw, (max-width: 1071px) 543px, 580px\" \/><\/figure>\n<\/div><\/div>\n\n\n\n<figure class=\"wp-block-gallery columns-2 is-cropped wp-block-gallery-1 is-layout-flex wp-block-gallery-is-layout-flex\"><ul class=\"blocks-gallery-grid\"><li class=\"blocks-gallery-item\"><figure><img loading=\"lazy\" decoding=\"async\" width=\"1024\" height=\"683\" src=\"https:\/\/emiliechaumet-textile.fr\/wp-content\/uploads\/2022\/01\/6P5A3174-1024x683.jpg\" alt=\"\" data-id=\"308\" data-full-url=\"https:\/\/emiliechaumet-textile.fr\/wp-content\/uploads\/2022\/01\/6P5A3174-scaled.jpg\" data-link=\"https:\/\/emiliechaumet-textile.fr\/?attachment_id=308\" class=\"wp-image-308\" srcset=\"https:\/\/emiliechaumet-textile.fr\/wp-content\/uploads\/2022\/01\/6P5A3174-1024x683.jpg 1024w, https:\/\/emiliechaumet-textile.fr\/wp-content\/uploads\/2022\/01\/6P5A3174-300x200.jpg 300w, https:\/\/emiliechaumet-textile.fr\/wp-content\/uploads\/2022\/01\/6P5A3174-768x512.jpg 768w, https:\/\/emiliechaumet-textile.fr\/wp-content\/uploads\/2022\/01\/6P5A3174-1536x1024.jpg 1536w, https:\/\/emiliechaumet-textile.fr\/wp-content\/uploads\/2022\/01\/6P5A3174-2048x1365.jpg 2048w\" sizes=\"(max-width: 767px) 89vw, (max-width: 1000px) 54vw, (max-width: 1071px) 543px, 580px\" \/><\/figure><\/li><li class=\"blocks-gallery-item\"><figure><img loading=\"lazy\" decoding=\"async\" width=\"1024\" height=\"683\" src=\"https:\/\/emiliechaumet-textile.fr\/wp-content\/uploads\/2022\/01\/6P5A3169-1024x683.jpg\" alt=\"\" data-id=\"310\" data-full-url=\"https:\/\/emiliechaumet-textile.fr\/wp-content\/uploads\/2022\/01\/6P5A3169-scaled.jpg\" data-link=\"https:\/\/emiliechaumet-textile.fr\/?attachment_id=310\" class=\"wp-image-310\" srcset=\"https:\/\/emiliechaumet-textile.fr\/wp-content\/uploads\/2022\/01\/6P5A3169-1024x683.jpg 1024w, https:\/\/emiliechaumet-textile.fr\/wp-content\/uploads\/2022\/01\/6P5A3169-300x200.jpg 300w, https:\/\/emiliechaumet-textile.fr\/wp-content\/uploads\/2022\/01\/6P5A3169-768x512.jpg 768w, https:\/\/emiliechaumet-textile.fr\/wp-content\/uploads\/2022\/01\/6P5A3169-1536x1024.jpg 1536w, https:\/\/emiliechaumet-textile.fr\/wp-content\/uploads\/2022\/01\/6P5A3169-2048x1365.jpg 2048w\" sizes=\"(max-width: 767px) 89vw, (max-width: 1000px) 54vw, (max-width: 1071px) 543px, 580px\" \/><\/figure><\/li><\/ul><\/figure>\n\n\n\n<figure class=\"wp-block-gallery columns-2 is-cropped wp-block-gallery-2 is-layout-flex wp-block-gallery-is-layout-flex\"><ul class=\"blocks-gallery-grid\"><li class=\"blocks-gallery-item\"><figure><img loading=\"lazy\" decoding=\"async\" width=\"1024\" height=\"683\" src=\"https:\/\/emiliechaumet-textile.fr\/wp-content\/uploads\/2022\/01\/6P5A3099-1024x683.jpg\" alt=\"\" data-id=\"275\" data-full-url=\"https:\/\/emiliechaumet-textile.fr\/wp-content\/uploads\/2022\/01\/6P5A3099-scaled.jpg\" data-link=\"https:\/\/emiliechaumet-textile.fr\/?attachment_id=275\" class=\"wp-image-275\" srcset=\"https:\/\/emiliechaumet-textile.fr\/wp-content\/uploads\/2022\/01\/6P5A3099-1024x683.jpg 1024w, https:\/\/emiliechaumet-textile.fr\/wp-content\/uploads\/2022\/01\/6P5A3099-300x200.jpg 300w, https:\/\/emiliechaumet-textile.fr\/wp-content\/uploads\/2022\/01\/6P5A3099-768x512.jpg 768w, https:\/\/emiliechaumet-textile.fr\/wp-content\/uploads\/2022\/01\/6P5A3099-1536x1024.jpg 1536w, https:\/\/emiliechaumet-textile.fr\/wp-content\/uploads\/2022\/01\/6P5A3099-2048x1365.jpg 2048w\" sizes=\"(max-width: 767px) 89vw, (max-width: 1000px) 54vw, (max-width: 1071px) 543px, 580px\" \/><\/figure><\/li><li class=\"blocks-gallery-item\"><figure><img loading=\"lazy\" decoding=\"async\" width=\"1024\" height=\"683\" src=\"https:\/\/emiliechaumet-textile.fr\/wp-content\/uploads\/2022\/01\/6P5A3132-1024x683.jpg\" alt=\"\" data-id=\"280\" data-full-url=\"https:\/\/emiliechaumet-textile.fr\/wp-content\/uploads\/2022\/01\/6P5A3132-scaled.jpg\" data-link=\"https:\/\/emiliechaumet-textile.fr\/?attachment_id=280\" class=\"wp-image-280\" srcset=\"https:\/\/emiliechaumet-textile.fr\/wp-content\/uploads\/2022\/01\/6P5A3132-1024x683.jpg 1024w, https:\/\/emiliechaumet-textile.fr\/wp-content\/uploads\/2022\/01\/6P5A3132-300x200.jpg 300w, https:\/\/emiliechaumet-textile.fr\/wp-content\/uploads\/2022\/01\/6P5A3132-768x512.jpg 768w, https:\/\/emiliechaumet-textile.fr\/wp-content\/uploads\/2022\/01\/6P5A3132-1536x1024.jpg 1536w, https:\/\/emiliechaumet-textile.fr\/wp-content\/uploads\/2022\/01\/6P5A3132-2048x1365.jpg 2048w\" sizes=\"(max-width: 767px) 89vw, (max-width: 1000px) 54vw, (max-width: 1071px) 543px, 580px\" \/><\/figure><\/li><\/ul><\/figure>\n\n\n\n<figure class=\"wp-block-gallery columns-3 is-cropped wp-block-gallery-3 is-layout-flex wp-block-gallery-is-layout-flex\"><ul class=\"blocks-gallery-grid\"><li class=\"blocks-gallery-item\"><figure><img loading=\"lazy\" decoding=\"async\" width=\"1024\" height=\"683\" src=\"https:\/\/emiliechaumet-textile.fr\/wp-content\/uploads\/2022\/01\/6P5A3121-1024x683.jpg\" alt=\"\" data-id=\"274\" data-full-url=\"https:\/\/emiliechaumet-textile.fr\/wp-content\/uploads\/2022\/01\/6P5A3121-scaled.jpg\" data-link=\"https:\/\/emiliechaumet-textile.fr\/?attachment_id=274\" class=\"wp-image-274\" srcset=\"https:\/\/emiliechaumet-textile.fr\/wp-content\/uploads\/2022\/01\/6P5A3121-1024x683.jpg 1024w, https:\/\/emiliechaumet-textile.fr\/wp-content\/uploads\/2022\/01\/6P5A3121-300x200.jpg 300w, https:\/\/emiliechaumet-textile.fr\/wp-content\/uploads\/2022\/01\/6P5A3121-768x512.jpg 768w, https:\/\/emiliechaumet-textile.fr\/wp-content\/uploads\/2022\/01\/6P5A3121-1536x1024.jpg 1536w, https:\/\/emiliechaumet-textile.fr\/wp-content\/uploads\/2022\/01\/6P5A3121-2048x1365.jpg 2048w\" sizes=\"(max-width: 767px) 89vw, (max-width: 1000px) 54vw, (max-width: 1071px) 543px, 580px\" \/><\/figure><\/li><li class=\"blocks-gallery-item\"><figure><img loading=\"lazy\" decoding=\"async\" width=\"1024\" height=\"683\" src=\"https:\/\/emiliechaumet-textile.fr\/wp-content\/uploads\/2022\/01\/6P5A3125-1024x683.jpg\" alt=\"\" data-id=\"276\" data-full-url=\"https:\/\/emiliechaumet-textile.fr\/wp-content\/uploads\/2022\/01\/6P5A3125-scaled.jpg\" data-link=\"https:\/\/emiliechaumet-textile.fr\/?attachment_id=276\" class=\"wp-image-276\" srcset=\"https:\/\/emiliechaumet-textile.fr\/wp-content\/uploads\/2022\/01\/6P5A3125-1024x683.jpg 1024w, https:\/\/emiliechaumet-textile.fr\/wp-content\/uploads\/2022\/01\/6P5A3125-300x200.jpg 300w, https:\/\/emiliechaumet-textile.fr\/wp-content\/uploads\/2022\/01\/6P5A3125-768x512.jpg 768w, https:\/\/emiliechaumet-textile.fr\/wp-content\/uploads\/2022\/01\/6P5A3125-1536x1024.jpg 1536w, https:\/\/emiliechaumet-textile.fr\/wp-content\/uploads\/2022\/01\/6P5A3125-2048x1365.jpg 2048w\" sizes=\"(max-width: 767px) 89vw, (max-width: 1000px) 54vw, (max-width: 1071px) 543px, 580px\" \/><\/figure><\/li><li class=\"blocks-gallery-item\"><figure><img loading=\"lazy\" decoding=\"async\" width=\"1024\" height=\"683\" src=\"https:\/\/emiliechaumet-textile.fr\/wp-content\/uploads\/2022\/01\/6P5A3128-1024x683.jpg\" alt=\"\" data-id=\"278\" data-full-url=\"https:\/\/emiliechaumet-textile.fr\/wp-content\/uploads\/2022\/01\/6P5A3128-scaled.jpg\" data-link=\"https:\/\/emiliechaumet-textile.fr\/?attachment_id=278\" class=\"wp-image-278\" srcset=\"https:\/\/emiliechaumet-textile.fr\/wp-content\/uploads\/2022\/01\/6P5A3128-1024x683.jpg 1024w, https:\/\/emiliechaumet-textile.fr\/wp-content\/uploads\/2022\/01\/6P5A3128-300x200.jpg 300w, https:\/\/emiliechaumet-textile.fr\/wp-content\/uploads\/2022\/01\/6P5A3128-768x512.jpg 768w, https:\/\/emiliechaumet-textile.fr\/wp-content\/uploads\/2022\/01\/6P5A3128-1536x1024.jpg 1536w, https:\/\/emiliechaumet-textile.fr\/wp-content\/uploads\/2022\/01\/6P5A3128-2048x1365.jpg 2048w\" sizes=\"(max-width: 767px) 89vw, (max-width: 1000px) 54vw, (max-width: 1071px) 543px, 580px\" \/><\/figure><\/li><li class=\"blocks-gallery-item\"><figure><img loading=\"lazy\" decoding=\"async\" width=\"1024\" height=\"683\" src=\"https:\/\/emiliechaumet-textile.fr\/wp-content\/uploads\/2022\/01\/6P5A3132-1024x683.jpg\" alt=\"\" data-id=\"280\" data-full-url=\"https:\/\/emiliechaumet-textile.fr\/wp-content\/uploads\/2022\/01\/6P5A3132-scaled.jpg\" data-link=\"https:\/\/emiliechaumet-textile.fr\/?attachment_id=280\" class=\"wp-image-280\" srcset=\"https:\/\/emiliechaumet-textile.fr\/wp-content\/uploads\/2022\/01\/6P5A3132-1024x683.jpg 1024w, https:\/\/emiliechaumet-textile.fr\/wp-content\/uploads\/2022\/01\/6P5A3132-300x200.jpg 300w, https:\/\/emiliechaumet-textile.fr\/wp-content\/uploads\/2022\/01\/6P5A3132-768x512.jpg 768w, https:\/\/emiliechaumet-textile.fr\/wp-content\/uploads\/2022\/01\/6P5A3132-1536x1024.jpg 1536w, https:\/\/emiliechaumet-textile.fr\/wp-content\/uploads\/2022\/01\/6P5A3132-2048x1365.jpg 2048w\" sizes=\"(max-width: 767px) 89vw, (max-width: 1000px) 54vw, (max-width: 1071px) 543px, 580px\" \/><\/figure><\/li><li class=\"blocks-gallery-item\"><figure><img loading=\"lazy\" decoding=\"async\" width=\"1024\" height=\"683\" src=\"https:\/\/emiliechaumet-textile.fr\/wp-content\/uploads\/2022\/01\/6P5A3159-1024x683.jpg\" alt=\"\" data-id=\"298\" data-full-url=\"https:\/\/emiliechaumet-textile.fr\/wp-content\/uploads\/2022\/01\/6P5A3159-scaled.jpg\" data-link=\"https:\/\/emiliechaumet-textile.fr\/?attachment_id=298\" class=\"wp-image-298\" srcset=\"https:\/\/emiliechaumet-textile.fr\/wp-content\/uploads\/2022\/01\/6P5A3159-1024x683.jpg 1024w, https:\/\/emiliechaumet-textile.fr\/wp-content\/uploads\/2022\/01\/6P5A3159-300x200.jpg 300w, https:\/\/emiliechaumet-textile.fr\/wp-content\/uploads\/2022\/01\/6P5A3159-768x512.jpg 768w, https:\/\/emiliechaumet-textile.fr\/wp-content\/uploads\/2022\/01\/6P5A3159-1536x1024.jpg 1536w, https:\/\/emiliechaumet-textile.fr\/wp-content\/uploads\/2022\/01\/6P5A3159-2048x1365.jpg 2048w\" sizes=\"(max-width: 767px) 89vw, (max-width: 1000px) 54vw, (max-width: 1071px) 543px, 580px\" \/><\/figure><\/li><li class=\"blocks-gallery-item\"><figure><img loading=\"lazy\" decoding=\"async\" width=\"1024\" height=\"683\" src=\"https:\/\/emiliechaumet-textile.fr\/wp-content\/uploads\/2022\/01\/6P5A3145-1024x683.jpg\" alt=\"\" data-id=\"286\" data-full-url=\"https:\/\/emiliechaumet-textile.fr\/wp-content\/uploads\/2022\/01\/6P5A3145-scaled.jpg\" data-link=\"https:\/\/emiliechaumet-textile.fr\/?attachment_id=286\" class=\"wp-image-286\" srcset=\"https:\/\/emiliechaumet-textile.fr\/wp-content\/uploads\/2022\/01\/6P5A3145-1024x683.jpg 1024w, https:\/\/emiliechaumet-textile.fr\/wp-content\/uploads\/2022\/01\/6P5A3145-300x200.jpg 300w, https:\/\/emiliechaumet-textile.fr\/wp-content\/uploads\/2022\/01\/6P5A3145-768x512.jpg 768w, https:\/\/emiliechaumet-textile.fr\/wp-content\/uploads\/2022\/01\/6P5A3145-1536x1024.jpg 1536w, https:\/\/emiliechaumet-textile.fr\/wp-content\/uploads\/2022\/01\/6P5A3145-2048x1365.jpg 2048w\" sizes=\"(max-width: 767px) 89vw, (max-width: 1000px) 54vw, (max-width: 1071px) 543px, 580px\" \/><\/figure><\/li><li class=\"blocks-gallery-item\"><figure><img loading=\"lazy\" decoding=\"async\" width=\"1024\" height=\"683\" src=\"https:\/\/emiliechaumet-textile.fr\/wp-content\/uploads\/2022\/01\/6P5A3149-1024x683.jpg\" alt=\"\" data-id=\"293\" data-full-url=\"https:\/\/emiliechaumet-textile.fr\/wp-content\/uploads\/2022\/01\/6P5A3149-scaled.jpg\" data-link=\"https:\/\/emiliechaumet-textile.fr\/?attachment_id=293\" class=\"wp-image-293\" srcset=\"https:\/\/emiliechaumet-textile.fr\/wp-content\/uploads\/2022\/01\/6P5A3149-1024x683.jpg 1024w, https:\/\/emiliechaumet-textile.fr\/wp-content\/uploads\/2022\/01\/6P5A3149-300x200.jpg 300w, https:\/\/emiliechaumet-textile.fr\/wp-content\/uploads\/2022\/01\/6P5A3149-768x512.jpg 768w, https:\/\/emiliechaumet-textile.fr\/wp-content\/uploads\/2022\/01\/6P5A3149-1536x1024.jpg 1536w, https:\/\/emiliechaumet-textile.fr\/wp-content\/uploads\/2022\/01\/6P5A3149-2048x1365.jpg 2048w\" sizes=\"(max-width: 767px) 89vw, (max-width: 1000px) 54vw, (max-width: 1071px) 543px, 580px\" \/><\/figure><\/li><li class=\"blocks-gallery-item\"><figure><img loading=\"lazy\" decoding=\"async\" width=\"1024\" height=\"683\" src=\"https:\/\/emiliechaumet-textile.fr\/wp-content\/uploads\/2022\/01\/6P5A3153-1024x683.jpg\" alt=\"\" data-id=\"296\" data-full-url=\"https:\/\/emiliechaumet-textile.fr\/wp-content\/uploads\/2022\/01\/6P5A3153-scaled.jpg\" data-link=\"https:\/\/emiliechaumet-textile.fr\/?attachment_id=296\" class=\"wp-image-296\" srcset=\"https:\/\/emiliechaumet-textile.fr\/wp-content\/uploads\/2022\/01\/6P5A3153-1024x683.jpg 1024w, https:\/\/emiliechaumet-textile.fr\/wp-content\/uploads\/2022\/01\/6P5A3153-300x200.jpg 300w, https:\/\/emiliechaumet-textile.fr\/wp-content\/uploads\/2022\/01\/6P5A3153-768x512.jpg 768w, https:\/\/emiliechaumet-textile.fr\/wp-content\/uploads\/2022\/01\/6P5A3153-1536x1024.jpg 1536w, https:\/\/emiliechaumet-textile.fr\/wp-content\/uploads\/2022\/01\/6P5A3153-2048x1365.jpg 2048w\" sizes=\"(max-width: 767px) 89vw, (max-width: 1000px) 54vw, (max-width: 1071px) 543px, 580px\" \/><\/figure><\/li><li class=\"blocks-gallery-item\"><figure><img loading=\"lazy\" decoding=\"async\" width=\"1024\" height=\"683\" src=\"https:\/\/emiliechaumet-textile.fr\/wp-content\/uploads\/2022\/01\/6P5A3139-1024x683.jpg\" alt=\"\" data-id=\"281\" data-full-url=\"https:\/\/emiliechaumet-textile.fr\/wp-content\/uploads\/2022\/01\/6P5A3139-scaled.jpg\" data-link=\"https:\/\/emiliechaumet-textile.fr\/?attachment_id=281\" class=\"wp-image-281\" srcset=\"https:\/\/emiliechaumet-textile.fr\/wp-content\/uploads\/2022\/01\/6P5A3139-1024x683.jpg 1024w, https:\/\/emiliechaumet-textile.fr\/wp-content\/uploads\/2022\/01\/6P5A3139-300x200.jpg 300w, https:\/\/emiliechaumet-textile.fr\/wp-content\/uploads\/2022\/01\/6P5A3139-768x512.jpg 768w, https:\/\/emiliechaumet-textile.fr\/wp-content\/uploads\/2022\/01\/6P5A3139-1536x1024.jpg 1536w, https:\/\/emiliechaumet-textile.fr\/wp-content\/uploads\/2022\/01\/6P5A3139-2048x1365.jpg 2048w\" sizes=\"(max-width: 767px) 89vw, (max-width: 1000px) 54vw, (max-width: 1071px) 543px, 580px\" \/><\/figure><\/li><li class=\"blocks-gallery-item\"><figure><img loading=\"lazy\" decoding=\"async\" width=\"1024\" height=\"683\" src=\"https:\/\/emiliechaumet-textile.fr\/wp-content\/uploads\/2022\/01\/6P5A3165-1024x683.jpg\" alt=\"\" data-id=\"301\" data-full-url=\"https:\/\/emiliechaumet-textile.fr\/wp-content\/uploads\/2022\/01\/6P5A3165-scaled.jpg\" data-link=\"https:\/\/emiliechaumet-textile.fr\/?attachment_id=301\" class=\"wp-image-301\" srcset=\"https:\/\/emiliechaumet-textile.fr\/wp-content\/uploads\/2022\/01\/6P5A3165-1024x683.jpg 1024w, https:\/\/emiliechaumet-textile.fr\/wp-content\/uploads\/2022\/01\/6P5A3165-300x200.jpg 300w, https:\/\/emiliechaumet-textile.fr\/wp-content\/uploads\/2022\/01\/6P5A3165-768x512.jpg 768w, https:\/\/emiliechaumet-textile.fr\/wp-content\/uploads\/2022\/01\/6P5A3165-1536x1024.jpg 1536w, https:\/\/emiliechaumet-textile.fr\/wp-content\/uploads\/2022\/01\/6P5A3165-2048x1365.jpg 2048w\" sizes=\"(max-width: 767px) 89vw, (max-width: 1000px) 54vw, (max-width: 1071px) 543px, 580px\" \/><\/figure><\/li><\/ul><\/figure>\n\n\n\n<blockquote class=\"wp-block-quote\"><p>Broderie Main, feutre de laine, divers fils coton, 120 cm de diam\u00e8tre, 2019<\/p><\/blockquote>\n\n\n\n<p>Le Souffle interroge les relations, les liens et les connexions que les hommes entretiennent avec leur environnement, qu&rsquo;il s&rsquo;agisse de l&rsquo;environnement urbain, ici repr\u00e9sent\u00e9 \u00e0 travers le plan d&rsquo;une ville vue de haut ou d&rsquo;un environnement plus naturel, ici des \u00e9l\u00e9ments aux allures v\u00e9g\u00e9tales comme la feuille de Ginkgo. Les fils brod\u00e9s tracent des routes, des axes o\u00f9 l&rsquo;on peut circuler d&rsquo;un point \u00e0 un autre et ils montrent les tensions-connexions de ces relations. Tant\u00f4t subies, brutales, courtes, interrompues ou au contraire plus libres, spontan\u00e9es, co-construites avec l&rsquo;homme\u2026 Le Souffle parle de d\u00e9placement, de cheminement, de croisement, d&rsquo;envahissement, de prolif\u00e9ration\u2026<br>La figure humaine, ici pr\u00e9sent\u00e9e de profil sans genre apparent, occupe une place centrale dans l&rsquo;oeuvre. L&rsquo;Homme (avec un H majuscule) est celui qui englobe et articule ces relations-tensions-connexions. C&rsquo;est celui qui agit, op\u00e8re des choix, fa\u00e7onne\u2026 Cette figure humaine (s&rsquo;es)souffle t-elle&nbsp;? (Re)Prend t-elle son souffle&nbsp;? Soupire t-elle&nbsp;? Expulse t-elle&nbsp;?<br>La nature, par sa forte pr\u00e9sence plastique est tout d&rsquo;abord d\u00e9finie dans sa forme et ses contours par la feuille de Ginkgo souffl\u00e9e, elle semble ma\u00eetris\u00e9e, contenue. Elle est aussi sugg\u00e9r\u00e9e en haut du cr\u00e2ne par ses lignes verte et rouge envahissantes, prolif\u00e9rantes comme voulant s&rsquo;\u00e9chapper&nbsp;? S&rsquo;extraire&nbsp;? R\u00e9sister&nbsp;?<br>Le spectateur est alors invit\u00e9 \u00e0 s&rsquo;interroger sur sa propre perception-conception des relations-cohabitations qu&rsquo;il observe, souhaite entre l&rsquo;homme et son (notre) environnement.<\/p>\n","protected":false},"excerpt":{"rendered":"<p>Broderie Main, feutre de laine, divers fils coton, 120 cm de diam\u00e8tre, 2019 Le Souffle interroge les relations, les liens et les connexions que les hommes entretiennent avec leur environnement, qu&rsquo;il s&rsquo;agisse de l&rsquo;environnement urbain, ici repr\u00e9sent\u00e9 \u00e0 travers le plan d&rsquo;une ville vue de haut ou d&rsquo;un environnement plus naturel, ici des \u00e9l\u00e9ments aux &hellip; <\/p>\n<p class=\"link-more\"><a href=\"https:\/\/emiliechaumet-textile.fr\/?page_id=108\" class=\"more-link\">Continuer la lecture<span class=\"screen-reader-text\"> de &laquo;&nbsp;Le Souffle&nbsp;&raquo;<\/span><\/a><\/p>\n","protected":false},"author":1,"featured_media":0,"parent":0,"menu_order":0,"comment_status":"closed","ping_status":"closed","template":"","meta":{"footnotes":""},"_links":{"self":[{"href":"https:\/\/emiliechaumet-textile.fr\/index.php?rest_route=\/wp\/v2\/pages\/108"}],"collection":[{"href":"https:\/\/emiliechaumet-textile.fr\/index.php?rest_route=\/wp\/v2\/pages"}],"about":[{"href":"https:\/\/emiliechaumet-textile.fr\/index.php?rest_route=\/wp\/v2\/types\/page"}],"author":[{"embeddable":true,"href":"https:\/\/emiliechaumet-textile.fr\/index.php?rest_route=\/wp\/v2\/users\/1"}],"replies":[{"embeddable":true,"href":"https:\/\/emiliechaumet-textile.fr\/index.php?rest_route=%2Fwp%2Fv2%2Fcomments&post=108"}],"version-history":[{"count":6,"href":"https:\/\/emiliechaumet-textile.fr\/index.php?rest_route=\/wp\/v2\/pages\/108\/revisions"}],"predecessor-version":[{"id":319,"href":"https:\/\/emiliechaumet-textile.fr\/index.php?rest_route=\/wp\/v2\/pages\/108\/revisions\/319"}],"wp:attachment":[{"href":"https:\/\/emiliechaumet-textile.fr\/index.php?rest_route=%2Fwp%2Fv2%2Fmedia&parent=108"}],"curies":[{"name":"wp","href":"https:\/\/api.w.org\/{rel}","templated":true}]}}